 be (-2 + 0 + -1)/1. Let z be c(i). What are the prime factors of b(z)?
2, 7
Let v = 4 + 1. Suppose -3*k - u + v*u = -39, 2*u = 4*k - 42. What are the prime factors of k?
3
Suppose -3*g - j + 68 = 0, g + 3*g - j = 93. Let z = g - -10. List the prime factors of z.
3, 11
Let p(f) = -3*f**2 + 18*f - 8. Let n(a) = -4*a**2 + 19*a - 9. Let i(r) = -2*n(r) + 3*p(r). What are the prime factors of i(11)?
7
Let x = -70 + 82. Suppose 0 = -6*j + 4*j + 8. Suppose j*f - x = 12. List the prime factors of f.
2, 3
Let v(i) = 18*i**2 + i + 2. What are the prime factors of v(2)?
2, 19
Let d be 1*(-2 + 1) - -4. Suppose -4*y - 12 = 0, -15 = -3*f - y + d*y. List the prime factors of f.
3
Let j be 9/((-1)/(-1 - 0)). Let o(p) = 15*p**2 - 21*p**2 - 3 - 8*p + 7*p**2. List the prime factors of o(j).
2, 3
Let w = -8 + 12. Let c be w/3*(-18)/(-4). Suppose -6 = -2*m + c. What are the prime factors of m?
2, 3
Suppose 63 = 5*s - 27. Suppose 5*f = s + 7. List the prime factors of f.
5
List the prime factors of ((-34)/6)/((-6)/18).
17
List the prime factors of 6*2 + -10 + 10.
2, 3
Let r be 3 - -1 - 1*2. Suppose -r*p = -4*p - 12. What are the prime factors of (8/3)/((-4)/p)?
2
Let p = 16 - 9. List the prime factors of p/(21/18) - -1.
7
Let h(j) = 0*j + j**2 + 5*j - 11*j - 4. Let d be h(7). Suppose 0 = -d*b + 15 + 39. What are the prime factors of b?
2, 3
Let o(l) = -3*l + 2. List the prime factors of o(-10).
2
Suppose -6*y + 4*y = -44. List the prime factors of y/1 - (-4 + 3).
23
Let z(m) = m**2 - 2*m + 8. List the prime factors of z(-9).
107
What are the prime factors of (-62)/(-6)*(-1 - -4)?
31
Let j be (-10)/(-6) - 4/6. Let h = 3 - j. List the prime factors of h.
2
Let f(c) = -c + 7. Let l be f(0). Suppose 0 = -4*v + l*v - 111. List the prime factors of v.
37
Suppose -5*z + z = -120. List the prime factors of z.
2, 3, 5
Let t = 209 - 29. List the prime factors of t.
2, 3, 5
Suppose 2*s + 0*s = -2, -2*v + 2*s = 14. What are the prime factors of 2/8 - 158/v?
2, 5
Let a = 656 - 340. List the prime factors of a.
2, 79
Let z(f) be the second derivative of -f**4/12 + 2*f**3/3 + f**2/2 + f. Let y(m) = -m - 9. Let u be y(-11). What are the prime factors of z(u)?
5
Let q = -20 - -39. Let a = 28 - q. List the prime factors of a.
3
Let i(n) = n**3 + 14*n**2 - 6*n + 16. What are the prime factors of i(-14)?
2, 5
Let f be 2 - 3 - (-2 + 6). List the prime factors of (-20)/f + (-42)/(-2).
5
Suppose -2*b = 3*b + 40. Let m = 11 - b. Let o = 41 - m. List the prime factors of o.
2, 11
Suppose -3*z = -0*z + 27. Let w = 4 - z. List the prime factors of w.
13
Let b(f) = f**2 + 7*f - 7. Let y be b(-6). What are the prime factors of y/(0 + 2/(-2))?
13
Suppose 11 = 13*a - 12*a. What are the prime factors of a?
11
Let c(n) = -n**2 - 16*n - 6. What are the prime factors of c(-15)?
3
Suppose -100 - 15 = 5*t. Let x = 13 + -27. Let j = x - t. What are the prime factors of j?
3
Suppose 1 = -2*o - 1, -2*t + 8 = -2*o. What are the prime factors of (-1)/(-3)*(t - -15)?
2, 3
Suppose 0 = -0*i + 3*i - 5*m - 378, 4*i = 2*m + 490. What are the prime factors of i?
11
Let t(v) = -v + 1. Let b be t(1). Suppose -2 = -g + 2*d, -2*d + b*d + 16 = -4*g. Let o = g - -8. What are the prime factors of o?
2
Suppose 3*a + 4*v + 26 = 0, -2*v - 16 = 3*a - 0*v. Let o = a + 4. Suppose 0 = -h - o*h + 12. What are the prime factors of h?
2
Let f = -17 - -39. What are the prime factors of f?
2, 11
Let d(j) = j**3 - 8*j**2 + 8*j - 6. List the prime factors of d(8).
2, 29
Let c(h) = h - 6. Let s be c(9). Suppose 0 = s*i + l - 43, i + 6 = -3*l + 23. List the prime factors of i.
2, 7
Let m = -86 + 295. List the prime factors of m.
11, 19
Let t(a) = a**3 + 2*a - 1. List the prime factors of t(2).
11
Suppose -4*k + 9 = -k. Let u be 8/k - 7/(-21). Suppose -u*o - t = -19, -4*o = -5*o - t + 7. What are the prime factors of o?
2, 3
Suppose 4*i - 119 - 29 = 0. List the prime factors of i.
37
Suppose p - y + 52 = 2*p, -98 = -2*p - 4*y. Let j be (-2)/(-2) - 2/(-2). Suppose -o = j*o + 4*w - p, o + w = 17. List the prime factors of o.
13
Let n(a) = 2*a - 2. Let c be n(2). Suppose 4*m + j + c*j = 54, 2*m - 20 = 2*j. List the prime factors of m.
2, 3
Let a(t) = t**3 + 2*t**2 - t + 8. List the prime factors of a(4).
2, 5
Suppose -8*n + 106 = -4*n + 2*o, 2*n = 2*o + 68. Let h = -6 + n. What are the prime factors of h?
23
Let r be (2/3)/((-1)/(-3)). Suppose 0 = 5*m - 42 + r. Suppose 3*j + 4*z = 10, m = 2*j + z + 3. List the prime factors of j.
2
Suppose -n + 17 - 7 = 5*p, 3*p = -5*n + 6. Let d be (6/(-8))/(p/(-32)). Let f = d + -7. What are the prime factors of f?
5
Let x = 8 + 36. List the prime factors of x.
2, 11
Let u = 52 - 17. List the prime factors of u.
5, 7
Suppose 6 = 3*a + 5*v - 24, 4*v = -4*a + 32. Let x = 28 - a. What are the prime factors of x?
23
List the prime factors of 426/4 - 14/28.
2, 53
Let h be (-7)/(((-3)/(-9))/1). Let k = 37 + h. Let y = k - 8. List the prime factors of y.
2
Suppose -6 = -2*n - 0. Suppose -2*c = 4*i - 20 - 66, -4*c - n*i + 192 = 0. What are the prime factors of c?
3, 17
Suppose s - 12 = -s - 5*z, 5*z = -3*s + 18. Suppose 0 = 3*f + 4*o + 15, 2*f - s*o = -4*o + 4. Let b(j) = -11*j - 1. List the prime factors of b(f).
2, 5
Suppose 3*r = -3*m + 24, -4*m = -m - 5*r - 8. Suppose q - m*q = -15. List the prime factors of q.
3
Suppose 309 = 3*r - 0*r. What are the prime factors of r?
103
Suppose 3*a = -a + 4*f - 12, -3*a - 1 = -f. Suppose a - 9 = -t. List the prime factors of t.
2
Let i be (6/(-4))/((-2)/12). Suppose -j + 2*j - i = -3*h, 0 = h + j - 3. Suppose 5*g + 24 = a, -h*a - 4*g + 24 = a. What are the prime factors of a?
3
Suppose -3*z - 37 = 5*t, 3*t = -2*t + z - 41. Let o(w) = w**3 + 9*w**2 + 9*w + 9. Let h be o(t). What are the prime factors of -34*h/(-4 + 2)?
17
Suppose -73*p = -75*p + 104. What are the prime factors of p?
2, 13
Suppose -20 = 3*d + 5*f, 5*d + 4*f = 2*f - 27. Let q(b) = -b - 2. Let c be q(0). Let n = c - d. What are the prime factors of n?
3
Let q be (16/20)/((-2)/(-5)). Suppose 27 = q*v + v. What are the prime factors of v?
3
Let n(m) = -3*m + 4. Let t = -4 + -6. Let c be n(t). Let y = c + -22. List the prime factors of y.
2, 3
Suppose 4*n + 42 = 7*n. What are the prime factors of n?
2, 7
Let n = 6 - 7. Let i(s) = 20*s**2 - 1. List the prime factors of i(n).
19
Let v(g) = 6*g - 6. List the prime factors of v(11).
2, 3, 5
Suppose -10 = 5*i + a - 6*a, -4*i - 3*a = 1. List the prime factors of (2/8)/(i/(-52)).
13
List the prime factors of (6/(-5))/((-4)/60).
2, 3
Let v be (-80)/(-12) + 1/3. Let c be v/2*(-12)/(-21). Suppose 11 = 3*s - c*s. What are the prime factors of s?
11
Let t be 4/(2/4*-4). What are the prime factors of t/11 + (-112)/(-11)?
2, 5
Let u be ((-21)/35)/(2/(-10)). Suppose -2*i - 12 = -u*i. List the prime factors of i.
2, 3
Let l = 5 - 0. Suppose l*u + 3*n = 42, n + 1 = -2*u + 17. List the prime factors of u.
2, 3
Let q = 13 + -9. Suppose -2*n + 4*z = 10, q*n + 24 = 3*z + z. Let b = -1 - n. List the prime factors of b.
2, 3
Let g be 2/(-8) - 21/(-4). Suppose g*v = v + 12, 5*q - 58 = -v. List the prime factors of q.
11
Let v be 2/3*12/2. Let t be 52/6 + 2/6. Let s = t - v. List the prime factors of s.
5
Suppose -3*w + 4*u = -509, 2*w - 3*w = 3*u - 174. What are the prime factors of w?
3, 19
Let x = -24 - -43. Let p = 7 - x. What are the prime factors of (-190)/p - 2/(-12)?
2
Suppose 5*p + v - 151 = 0, v = 3*p - 57 - 32. List the prime factors of p.
2, 3, 5
Suppose o + 7 = 10. Let t(i) = i + 0*i - 3*i**2 + 12*i**2 - i**o - 5. List the prime factors of t(9).
2
Let w be (-1)/(9/12 + -1). Let x(f) be the first derivative of 2*f**2 - 4*f - 2. List the prime factors of x(w).
2, 3
Let l be (-26)/(-6) - 2/6. Suppose -p = -l*v - 10, -v - 3 - 5 = -3*p. Let x = v - -9. List the prime factors of x.
7
Suppose 0 = -16*o + 20*o - 684. What are the prime factors of o?
3, 19
Suppose -12 + 31 = j. List the prime factors of j.
19
Let c(q) = q**3 + 7*q**2 - q - 11. Let w be c(-6). Suppose -3*v - 5*f + w = -f, 5 = -f. List the prime factors of v.
17
What are the prime factors of 108/(-45)*(-210)/4?
2, 3, 7
Let v(r) = -2*r**3 + 8*r**2 + r + 1. Let b be v(4). Suppose u = 3*j + 11, -4*u + 30 = -b*j - 0*j. List the prime factors of u.
5
Suppose 0*w - 5*w + 110 = 0. Let g = -2 - -4. Suppose -2*b - g*a + 